s 8 a factor of 491336?
True
Is 241711 a multiple of 47?
False
Does 19 divide 1789021?
True
Is 929605 a multiple of 89?
True
Does 59 divide 91863?
True
Is 26 a factor of 721240?
True
Is 17 a factor of 8245?
True
Is 309 a factor of 359353?
False
Does 29 divide 220992?
False
Does 336 divide 82320?
True
Is 24 a factor of 141417?
False
Does 29 divide 17371807?
False
Is 1880 a factor of 8822840?
True
Is 87093 a multiple of 9?
True
Does 15 divide 201534?
False
Is 3331854 a multiple of 18?
True
Is 183 a factor of 13387182?
True
Is 2213666 a multiple of 910?
False
Is 343 a factor of 9183482?
True
Does 10 divide 2120601?
False
Is 2141646 a multiple of 13?
True
Does 1606 divide 4821777?
False
Is 24 a factor of 254131?
False
Is 17 a factor of 207197?
False
Is 40 a factor of 7137?
False
Does 28 divide 333228?
True
Does 8 divide 121102?
False
Is 1589242 a multiple of 220?
False
Does 35 divide 7424437?
False
Does 10 divide 2107140?
True
Is 391561 a multiple of 94?
False
Is 32636 a multiple of 14?
False
Is 4 a factor of 1260478?
False
Is 32 a factor of 46752?
True
Is 145568 a multiple of 19?
False
Does 10 divide 614670?
True
Is 1549635 a multiple of 35?
False
Is 380553 a multiple of 55?
False
Is 12445188 a multiple of 1304?
False
Is 467 a factor of 18007520?
True
Does 50 divide 407200?
True
Does 43 divide 232071?
True
Is 9 a factor of 3542661?
True
Is 71438 a multiple of 46?
True
Is 129 a factor of 8107916?
False
Is 135222 a multiple of 17?
False
Is 2489364 a multiple of 12?
True
Is 17 a factor of 120887?
True
Is 1368 a factor of 15318036?
False
Is 848 a factor of 759821?
False
Is 3594240 a multiple of 288?
True
Does 11 divide 250503?
True
Is 61 a factor of 186712?
False
Is 21091377 a multiple of 40?
False
Does 23 divide 5329889?
False
Is 65 a factor of 438696?
False
Is 4026566 a multiple of 354?
False
Is 150436 a multiple of 13?
True
Does 7 divide 2190405?
True
Is 8405712 a multiple of 496?
True
Is 7 a factor of 1006900?
False
Does 26 divide 96114?
False
Is 217281 a multiple of 789?
False
Is 48323 a multiple of 31?
False
Is 48 a factor of 410452?
False
Is 91 a factor of 66727?
False
Does 93 divide 197439?
True
Is 167176 a multiple of 21?
False
Is 1537200 a multiple of 83?
False
Is 9 a factor of 29277?
True
Does 84 divide 3213034?
False
Is 128897 a multiple of 31?
False
Does 8 divide 12824?
True
Is 1442265 a multiple of 1060?
False
Is 61 a factor of 294720?
False
Is 3473855 a multiple of 35?
True
Is 87581 a multiple of 45?
False
Is 56392 a multiple of 106?
True
Is 9 a factor of 59452?
False
Is 6415500 a multiple of 420?
True
Does 13 divide 72402?
False
Does 103 divide 588182?
False
Is 12 a factor of 13639543?
False
Is 977616 a multiple of 24?
True
Is 6622735 a multiple of 665?
True
Is 16669919 a multiple of 413?
True
Is 584 a factor of 3169368?
True
Is 46 a factor of 43469?
False
Is 732024 a multiple of 3?
True
Does 73 divide 879139?
True
Is 1929 a multiple of 202?
False
Is 266357 a multiple of 60?
False
Does 87 divide 622590?
False
Is 254124 a multiple of 52?
True
Is 771822 a multiple of 54?
True
Does 14 divide 2066064?
True
Does 11 divide 8366?
False
Is 722610 a multiple of 42?
True
Is 1862 a factor of 337222?
False
Does 22 divide 3581886?
True
Is 1631265 a multiple of 60?
False
Does 24 divide 266160?
True
Is 150 a factor of 178350?
True
Is 25 a factor of 1614426?
False
Does 216 divide 2004236?
False
Is 5976003 a multiple of 731?
False
Is 41 a factor of 11893521?
False
Does 89 divide 694645?
True
Is 58910 a multiple of 12?
False
Does 66 divide 110571?
False
Is 2535624 a multiple of 728?
True
Does 305 divide 48190?
True
Is 5 a factor of 2070?
True
Is 6002 a multiple of 3?
False
Is 20 a factor of 360500?
True
Is 191390 a multiple of 174?
False
Does 61 divide 136982?
False
Is 3419178 a multiple of 676?
False
Does 22 divide 103400?
True
Is 23 a factor of 5904468?
True
Is 211 a factor of 800845?
False
Is 3178889 a multiple of 7?
True
Does 38 divide 7650236?
True
Is 64716 a multiple of 172?
False
Is 93738 a multiple of 10?
False
Is 3 a factor of 154345?
False
Is 10 a factor of 1496000?
True
Does 106 divide 1716034?
True
Is 31803 a multiple of 23?
False
Is 21 a factor of 1828874?
False
Is 36 a factor of 526186?
False
Does 115 divide 587305?
True
Is 1648296 a multiple of 24?
True
Does 431 divide 1396619?
False
Does 32 divide 553440?
True
Does 35 divide 94329?
False
Is 25 a factor of 14655063?
False
Does 17 divide 439654?
True
Does 65 divide 2606109?
False
Is 1343312 a multiple of 16?
True
Is 172065 a multiple of 20?
False
Does 183 divide 366705?
False
Is 399168 a multiple of 252?
True
Does 14 divide 312746?
True
Is 503 a factor of 1584953?
True
Is 1436901 a multiple of 438?
False
Does 22 divide 2453254?
False
Is 26424 a multiple of 12?
True
Does 18 divide 3795426?
True
Does 34 divide 673098?
True
Is 207612 a multiple of 657?
True
Is 191486 a multiple of 43?
False
Is 690263 a multiple of 49?
True
Is 46060 a multiple of 98?
True
Is 1219968 a multiple of 30?
False
Is 1212564 a multiple of 88?
False
Is 281952 a multiple of 712?
True
Does 4 divide 43496?
True
Is 6792747 a multiple of 221?
False
Is 271272 a multiple of 6?
True
Is 3601 a multiple of 11?
False
Is 105 a factor of 2477685?
True
Is 604119 a multiple of 577?
True
Does 55 divide 11151965?
True
Does 4 divide 21220?
True
Is 1653272 a multiple of 44?
False
Is 269 a factor of 3285835?
True
Is 2062976 a multiple of 16?
True
Does 6 divide 34495?
False
Is 984 a factor of 3670377?
False
Is 26092 a multiple of 114?
False
Is 244 a factor of 694912?
True
Is 36 a factor of 1853492?
False
Does 499 divide 11891669?
True
Does 138 divide 3116316?
True
Is 308770 a multiple of 35?
True
Is 21 a factor of 265230?
True
Is 178 a factor of 1815775?
False
Is 16 a factor of 2956832?
True
Is 15 a factor of 140145?
True
Is 131459 a multiple of 4?
False
Does 79 divide 55555?
False
Is 31777714 a multiple of 1060?
False
Is 7 a factor of 3130109?
False
Is 405 a factor of 2108557?
False
Is 10446530 a multiple of 10?
True
Does 17 divide 13790067?
False
Is 7 a factor of 626192?
True
Does 210 divide 279191?
False
Does 46 divide 56513?
False
Does 43 divide 15386776?
True
Is 57 a factor of 15732?
True
Is 3378908 a multiple of 359?
True
Is 56 a factor of 252896?
True
Is 929600 a multiple of 64?
True
Is 12 a factor of 4080377?
False
Is 1349131 a multiple of 26?
False
Is 16 a factor of 62280?
False
Is 73 a factor of 315871?
True
Is 18244616 a multiple of 806?
True
Does 193 divide 2639366?
False
Is 1309392 a multiple of 54?
True
Is 176862 a multiple of 21?
True
Is 68 a factor of 732904?
True
Does 19 divide 3476696?
True
Does 798 divide 294807?
False
Does 4 divide 423678?
False
Does 4 divide 28357?
False
Is 4 a factor of 28977?
False
Is 2020771 a multiple of 11?
False
Is 9 a factor of 28482?
False
Does 19 divide 1265366?
False
Does 96 divide 9984?
True
Does 538 divide 4173478?
False
Is 2468815 a multiple of 68?
False
Does 5 divide 4862612?
False
Is 26 a factor of 17901130?
True
Is 6690471 a multiple of 16?
False
Does 37 divide 155605?
False
Does 184 divide 12696000?
True
Is 120 a factor of 1933973?
False
Is 192869 a multiple of 7?
False
Is 482221 a multiple of 14?
False
Is 852013 a multiple of 14?
False
Is 656022 a multiple of 62?
True
Is 120 a factor of 3247349?
False
Is 1274460 a multiple of 165?
True
Is 81 a factor of 2773197?
True
Does 50 divide 1030776?
False
Does 15 divide 11574490?
False
Is 1034072 a multiple of 488?
True
Does 77 divide 456225?
True
Does 74 divide 368446?
True
Is 2843332 a multiple of 61?
True
Is 13 a factor of 702975?
True
Does 105 divide 126210?
True
Does 16 divide 3984?
True
Is 595140 a multiple of 30?
True
Does 55 divide 2672569?
False
Does 28 divide 6020868?
True
Is 244260 a multiple of 3?
True
Is 526 a factor of 7884423?
False
Is 2606741 a multiple of 8?
False
Is 7035100 a multiple of 100?
True
Is 83 a factor of 562347?
False
Does 687 divide 14424?
False
Is 104 a factor of 51777?
False
Is 13803090 a multiple of 105?
True
Is 1995825 a multiple of 15?
True
Is 38 a factor of 339635?
False
Does 47 divide 877067?
True
Is 371660 a multiple of 4?
True
Is 51168 a multiple of 8?
True
Is 111 a factor of 12319200?
False
Is 637558 a multiple of 271?
False
Is 4 a factor of 7501?
False
Does 8 divide 272520?
True
Is 778419 a multip